3*w + 149 = -92. What is the tens digit of u?
5
Let u(h) = h**2 + h - 149. Let n be u(12). Let g(j) = 65*j + 89. What is the tens digit of g(n)?
4
Let n(a) = 9*a + 84 - 36 + 24*a - 3. What is the units digit of n(26)?
3
Suppose -3*t - 71 = -23. Suppose 0 = -7*z + 808 - 612. Let k = z - t. What is the tens digit of k?
4
Suppose 2*w - a - 890 = -4, -441 = -w + a. Let r = w + -352. What is the units digit of r?
3
Suppose 4*b = -3*l + 6*b - 33, 0 = 5*b + 15. Let f(o) = 2*o**2 + 32*o + 13. Let n be f(l). Let k = n + 88. What is the tens digit of k?
2
Suppose 3*c - 42 = -0*c + 3*z, 0 = z. Suppose c*a - 1345 = 1063. What is the hundreds digit of a?
1
Let q(k) = 6 - 17*k + 5*k + 4 + 2*k**2. Suppose 5*z = a + 6, 8*z - 10*z - 3 = -a. What is the units digit of q(a)?
4
Suppose 5*z = 1 + 14. Let a be 22/(-8) + z - 19/(-4). Suppose v + 2*v = 5*j + 57, 0 = -a*v + 4*j + 108. What is the tens digit of v?
2
Suppose -4*j = 3*s - 24, 0*j - 5*s = -5*j - 5. Suppose -10*x = -j*x - 58282. What is the hundreds digit of -1 - (-4)/3 - x/(-69)?
1
Suppose 222*w = -51*w + 4131036. What is the thousands digit of w?
5
Suppose 2*w - 228 = j + j, 0 = -w + 4*j + 99. Suppose -z + 2*a + 50 = -2*z, -5*z - 190 = -5*a. Let h = w + z. What is the units digit of h?
7
What is the ten thousands digit of -39246*((-2)/9 + 10/(-36))?
1
Let b(l) = 5*l + 2206. What is the units digit of b(-36)?
6
Suppose 46605 = 19*f - 11915. What is the thousands digit of f?
3
Let s = -27 - -27. Suppose -7*p + 554 + 489 = s. What is the hundreds digit of p?
1
Let g(y) = 157*y - 103. Let b be g(4). Suppose b + 1503 = 6*p. What is the tens digit of p?
3
Let k = -19 + 16. Let g be (3 + 7/k)/(4/156). Suppose -o + g = 2*q, o + 70 = 6*o - 2*q. What is the units digit of o?
6
Let u = 1981 - 3414. Let o = u - -3254. What is the thousands digit of o?
1
Let d(p) be the third derivative of -p**6/120 + 11*p**5/60 + 5*p**4/12 - 7*p**3/3 + 42*p**2. Let u be d(10). Let r = u + -69. What is the tens digit of r?
1
Let x = 3919 + -1986. What is the hundreds digit of x?
9
Let n = 93 + -91. Let g(q) = 61*q**2 - 2*q - 4. Let w be g(n). Suppose -4*d + w = -460. What is the units digit of d?
4
Suppose -53 = -16*f + 251. Suppose -21*d + f*d = -1124. What is the units digit of d?
2
Suppose 3 = -3*w - 2*w + 2*n, 0 = -5*n - 5. Let d(h) = h**3 - 2*h**2 + 8*h - 9. Let p(c) = c + 1. Let m(i) = w*p(i) + d(i). What is the tens digit of m(3)?
2
Let d be (-9)/(-2)*-1*(-122)/3. Suppose -4*n - 237 = 2*h - 967, -h + d = n. What is the units digit of n?
2
Let c(h) = -22*h**2 + 3*h - 14. Let i be c(-4). What is the tens digit of 4 + (15/5 - 4) - i?
8
Let w be -19*(-26 - -23 - 44*-1). Let r = w - -1289. What is the tens digit of r?
1
Let v(w) = -w - 14. Let n be v(-15). Let d be 14*n/(-2)*1. Let p = 59 + d. What is the tens digit of p?
5
Suppose -3 = -a, -2*t - t + 69 = 5*a. Suppose -38*n + t = -40*n. Let s = 45 - n. What is the units digit of s?
4
Suppose -c + 51 = -2*r, -4*c + r + 100 = -90. Suppose -k + 437 = -2*h, c*k + 2*h = 42*k + 2137. What is the tens digit of k?
2
What is the thousands digit of (3 + 2)*((-78298)/55 - -2)*-1?
7
Suppose 4*h + 34278 = 3*n, 14*n - 5*h = 16*n - 22852. What is the ten thousands digit of n?
1
Let a(q) = -14*q - 39. Let f be a(-4). Suppose -13595 - 12551 = -f*w. What is the tens digit of w?
3
Let p(f) = -3507*f + 1977. What is the thousands digit of p(-5)?
9
Let b(k) = -k**3 - 52*k**2 - 1063*k - 50. What is the hundreds digit of b(-39)?
6
Let u = -10101 - -18075. What is the tens digit of u?
7
Suppose 0 = -4*z + 3*z + 5*t - 2, -5*t = 4*z - 17. Suppose 0 = z*b - 4*m - 5339, -4424 + 876 = -2*b - 3*m. What is the hundreds digit of b?
7
Let b(h) be the third derivative of -h**5/30 - 41*h**4/24 - 3*h**3/2 + h**2. Suppose 5*r + 7*l + 101 = 5*l, -4*r + l - 73 = 0. What is the units digit of b(r)?
8
Let s = -25 - -60. Suppose -4*m = 6*u - 9*u + s, 2*u = -4*m - 10. What is the units digit of u?
5
What is the tens digit of -18 + 6 - -13 - -14403?
0
Suppose -5*y + n = -15, 7*n - 20 = -5*y + 9*n. What is the units digit of (y + -435)*(3 + -2)/(-1)?
3
Let u(z) = 130*z**2 + 197*z - 180. What is the thousands digit of u(24)?
9
Let i be ((-20)/(-30))/(2/1188). Let n be (-24)/(-10)*(-210)/(-28). What is the units digit of n/4*i/54?
3
Let b(l) = -4464*l + 541. What is the hundreds digit of b(-3)?
9
Let z be (0/(-1) - -3)*21. Let h = z - 65. What is the hundreds digit of (9/h)/((-6)/180)?
1
Let m(k) = -k**2 + 7*k. Let l be m(7). Suppose o + h - 876 + 181 = l, -5*o = h - 3459. What is the tens digit of o?
9
Suppose -z + 12 + 7 = 0. Let x(i) be the third derivative of -i**6/120 + i**5/3 - 3*i**4/4 - i**3/3 - i**2. What is the units digit of x(z)?
7
Let j(z) = 40*z - 88 - 68 + 6 - 1 - 3. What is the units digit of j(6)?
6
Let h(t) = -t**3 - 5*t + 3. Let q be h(0). What is the tens digit of (-4 + 5)/q*(176 + 1)?
5
Let k = 7150 + -5053. What is the thousands digit of k?
2
Let h be (2/10)/((-78)/(-780)). Suppose 2*s = 0, -h*v + s = 3*v - 3525. What is the tens digit of v?
0
Let s = 13151 - 2152. What is the units digit of s?
9
Let d(n) = n**2 + 4*n - 13. Suppose -2*m = 2*y, -2*m = -3*y - 6 + 21. Let v be d(y). Suppose v*s = 35 + 77. What is the units digit of s?
4
Suppose 3*z - 196 = 4*h + 11140, 5*z - 5*h - 18895 = 0. Suppose 14*i = 5*i + z. What is the units digit of i?
0
Let z(q) be the first derivative of q**6/60 + 5*q**5/24 + 3*q**4/8 - 8*q**3 + 17. Let l(n) be the third derivative of z(n). What is the units digit of l(-7)?
8
Let k = -18 - -23. Suppose 0 = k*t - 27 + 12. What is the tens digit of (-29)/t*(-2 - 13)?
4
Let b = 56 + -66. Let t be ((-4)/6)/(0 - b/45). What is the units digit of 32/8*t/(-12)?
1
Suppose 19*l - 140453 + 104601 = 150196. What is the thousands digit of l?
9
Suppose 3*f = 3, 4*q + 15*f - 18*f = 11337. What is the tens digit of q?
3
Suppose 38*w - 1066939 = -183097. What is the thousands digit of w?
3
Suppose -36*o = -85*o + 45*o + 368. Suppose -32 + 116 = 2*i. Let z = i + o. What is the hundreds digit of z?
1
Let t(i) be the first derivative of -7*i**4/4 - 2*i**3/3 + 5*i**2 - 4*i + 109. What is the units digit of t(-5)?
1
Let m = -781 + 6091. What is the thousands digit of m?
5
Suppose -f - 42702 = -3*s, 3*f - 20039 - 8407 = -2*s. What is the units digit of s?
2
Let a = -37345 - -80144. What is the tens digit of a?
9
Let j(n) = -5*n + 3. Let t(o) = -6*o + 2. Let z(w) = 7*j(w) - 6*t(w). What is the units digit of z(-2)?
7
Suppose i - 4*i + 13 = 2*t, i = 4*t - 5. Suppose b + b - 3*m = -20, i*m - 8 = -b. What is the tens digit of b*((-1092)/(-16))/(-7)?
3
Let w(k) = k + 542*k**2 - 1078*k**2 + 3 + 537*k**2 + k. What is the tens digit of w(-18)?
9
Let d be -7 + 3 + 1 - 171. Let v = -53 - d. Let t = v + -60. What is the units digit of t?
1
Suppose -7*r + 10 = -4. What is the units digit of ((-11)/r)/((-5)/230)?
3
Suppose 16*y - 18*y - 32488 = -2*a, 2*a - y = 32486. What is the hundreds digit of a?
2
Let o = 740 - -1236. Let g = o + -1109. What is the hundreds digit of g?
8
Suppose 0 = -d + 4*u + 476, -d - 5*u + 494 = -0*u. Suppose 11*s = -226*s - 62568. Let z = s + d. What is the units digit of z?
0
Suppose 5*w + 2*u = -3367, u - 2033 = 3*w - u. Let v = 1375 + w. What is the units digit of v?
0
Suppose 42857 = 5*x - 3*b, 5*x + 31*b = 33*b + 42853. What is the units digit of x?
9
Let p be ((-5)/(-20)*0)/(-3). Suppose -2*n + 159 + 381 = p. Let c = n - 186. What is the units digit of c?
4
Suppose -440952 - 69919 - 417173 = -108*p. What is the tens digit of p?
9
Let b be ((-2)/(-4))/(18/108). Suppose -b*x + 2116 = f + 3*f, f = -5*x + 3538. What is the tens digit of x?
0
Let f = 904 - 676. Suppose f*q = 230*q - 3392. What is the tens digit of q?
9
Suppose p = -2*w + 50705, 129*p - 128*p = -4*w + 101403. What is the thousands digit of w?
5
Suppose 30*n - 3449 = 34*n - 5*y, -n + 2*y - 866 = 0. What is the hundreds digit of (-2)/(4/(-155))*n/(-535)?
1
Let t(i) = i**3 - 13*i**2 + 17*i - 8. Let d = 33 + -21. Let j be t(d). What is the tens digit of (2 - -1) + -9 + j?
4
Let v = 7541 - 6006. What is the hundreds digit of v?
5
Suppose 0*f - 4*f = 3*r - 26, 0 = 3*r - 4*f + 14. Suppose r*v + 172 = 5*x, -3*v - 4*x = -x + 216. Let k = v - -151. What is the units digit of k?
5
Suppose -5*k + 47 - 17 = -5*s, -8 = -2*k. What is